se
Is 403669 prime?
False
Is 51469 composite?
True
Is 397 composite?
False
Is 979007 prime?
False
Is 3543 a prime number?
False
Is 71653 a composite number?
True
Is 93701 composite?
False
Is 202394 a composite number?
True
Is 749239 prime?
False
Is 64747 a composite number?
False
Is 26801 a prime number?
True
Is 4327 prime?
True
Is 478589 prime?
True
Is 6127 prime?
False
Is 365903 prime?
True
Is 2297291 prime?
True
Is 7103 composite?
False
Is 641 composite?
False
Is 2159767 composite?
False
Is 19378 a prime number?
False
Is 167149 composite?
False
Is 19049 prime?
False
Is 8419 prime?
True
Is 5891 prime?
False
Is 87755 a composite number?
True
Is 70769 a prime number?
True
Is 12841 a prime number?
True
Is 13945 a prime number?
False
Is 2221 prime?
True
Is 496597 a prime number?
False
Is 5567 a prime number?
False
Is 6431 a composite number?
True
Is 6731 a composite number?
True
Is 18169 composite?
False
Is 204794 composite?
True
Is 168391 prime?
True
Is 21347 a composite number?
False
Is 8467 composite?
False
Is 3109 composite?
False
Is 5473 a prime number?
False
Is 129953 prime?
True
Is 1326271 prime?
True
Is 22819 a composite number?
True
Is 58189 a composite number?
False
Is 210011 a composite number?
False
Is 137261 a prime number?
False
Is 2885 composite?
True
Is 18839 a composite number?
False
Is 36989 composite?
True
Is 499879 a composite number?
False
Is 11351 a prime number?
True
Is 3299 composite?
False
Is 11311 a composite number?
False
Is 27421 a prime number?
False
Is 9977 a prime number?
False
Is 4478 prime?
False
Is 85 a composite number?
True
Is 135173 a prime number?
True
Is 1086989 composite?
False
Is 5897 composite?
False
Is 407501 composite?
False
Is 9311 a composite number?
False
Is 51283 composite?
False
Is 12295 prime?
False
Is 3709 composite?
False
Is 34913 a prime number?
True
Is 307597 a prime number?
False
Is 64495 composite?
True
Is 3511 composite?
False
Is 12197 a prime number?
True
Is 15727 composite?
False
Is 7069 prime?
True
Is 48935 prime?
False
Is 1399 composite?
False
Is 12829 a composite number?
False
Is 44097 composite?
True
Is 257171 a prime number?
True
Is 18617 composite?
False
Is 1543 composite?
False
Is 17023 prime?
False
Is 55127 a prime number?
True
Is 2178041 prime?
False
Is 200621 a prime number?
False
Is 11791 a prime number?
False
Is 145051 prime?
False
Is 393 a composite number?
True
Is 9111 composite?
True
Is 175129 prime?
True
Is 547999 composite?
False
Is 77629 prime?
False
Is 1459 prime?
True
Is 16859 prime?
False
Is 113653 composite?
True
Is 2917 a composite number?
False
Is 464171 a prime number?
True
Is 74813 composite?
True
Is 78277 a prime number?
True
Is 337 composite?
False
Is 6197 a composite number?
False
Is 85873 composite?
True
Is 932009 a composite number?
True
Is 123767 composite?
True
Is 421877 composite?
True
Is 216271 prime?
False
Is 24469 a composite number?
False
Is 566449 a prime number?
False
Is 49559 composite?
False
Is 681623 a prime number?
True
Is 118487 a prime number?
False
Is 54953 a composite number?
True
Is 13403 composite?
True
Is 1991 a composite number?
True
Is 24961 a prime number?
False
Is 1509 a prime number?
False
Is 35729 a prime number?
True
Is 68363 a composite number?
True
Is 182447 composite?
True
Is 83245 composite?
True
Is 20731 a composite number?
False
Is 170627 a composite number?
False
Is 749539 a prime number?
False
Is 19613 a prime number?
False
Is 115307 composite?
True
Is 50449 a prime number?
False
Is 645419 prime?
True
Is 791305 a composite number?
True
Is 65621 a prime number?
False
Is 213589 prime?
True
Is 47389 prime?
True
Is 2261201 a composite number?
True
Is 427 a prime number?
False
Is 1399 a prime number?
True
Is 7373 prime?
False
Is 21701 prime?
True
Is 298493 a composite number?
True
Is 44513 a composite number?
True
Is 59863 a composite number?
False
Is 358807 prime?
False
Is 974 prime?
False
Is 428011 a composite number?
True
Is 104033 prime?
True
Is 2897 prime?
True
Is 257039 composite?
True
Is 21661 composite?
False
Is 609101 composite?
False
Is 18527 a composite number?
True
Is 17567 a prime number?
False
Is 2455 prime?
False
Is 5077 a prime number?
True
Is 237661 composite?
True
Is 12457 a prime number?
True
Is 203529 composite?
True
Is 673 prime?
True
Is 12853 a prime number?
True
Is 2839 a composite number?
True
Is 136997 a composite number?
True
Is 18947 a prime number?
True
Is 300217 composite?
True
Is 385685 a prime number?
False
Is 21737 composite?
False
Is 15833 a composite number?
True
Is 877 a prime number?
True
Is 783473 prime?
True
Is 265103 composite?
True
Is 77089 prime?
False
Is 8999 composite?
False
Is 204451 prime?
False
Is 7817 prime?
True
Is 14642 a prime number?
False
Is 3991 a prime number?
False
Is 4111 composite?
False
Is 235091 a prime number?
True
Is 126095 composite?
True
Is 140443 composite?
False
Is 481 composite?
True
Is 1202101 prime?
False
Is 120503 prime?
True
Is 290741 a prime number?
False
Is 5627 prime?
False
Is 789511 prime?
True
Is 5089 prime?
False
Is 23795 prime?
False
Is 6947 a composite number?
False
Is 10993 composite?
False
Is 489473 a composite number?
True
Is 1907 composite?
False
Is 76801 composite?
False
Is 3497 composite?
True
Is 1077793 a prime number?
True
Is 585569 a prime number?
True
Is 18947 a prime number?
True
Is 1543 a prime number?
True
Is 162881 prime?
True
Is 86131 composite?
False
Is 10397 composite?
True
Is 352931 prime?
True
Is 541129 a composite number?
False
Is 29947 prime?
True
Is 144559 prime?
False
Is 180811 a prime number?
True
Is 408019 a composite number?
False
Is 35023 a prime number?
True
Is 362002 prime?
False
Is 4285901 prime?
True
Is 9277 a prime number?
True
Is 66221 prime?
True
Is 451517 a composite number?
True
Is 674 composite?
True
Is 11197 prime?
True
Is 180917 a composite number?
True
Is 78095 a prime number?
False
Is 32117 composite?
False
Is 2459 a prime number?
True
Is 215497 composite?
False
Is 1262 composite?
True
Is 28277 prime?
True
Is 1698703 a prime number?
False
Is 74099 composite?
False
Is 46933 a composite number?
False
Is 2055719 composite?
False
Is 2333 a composite number?
False
Is 24281 a prime number?
True
Is 138751 prime?
False
Is 48161 a composite number?
True
Is 85597 prime?
True
Is 8657 prime?
False
Is 30029 prime?
True
Is 48038 a composite number?
True
Is 456791 prime?
True
Is 480287 a prime number?
True
Is 337301 prime?
True
Is 768137 composite?
True
Is 15445 prime?
False
Is 496847 a prime number?
False
Is 662219 a composite number?
True
Is 28699 composite?
True
Is 153727 a prime number?
False
Is 175115 a prime number?
False
Is 6934 composite?
True
Is 88331 prime?
False
Is 45921 prime?
False
Is 52077 a prime number?
False
Is 10519 prime?
False
Is 697489 prime?
False
Is 77 a composite number?
True
Is 418193 a composite number?
True
Is 3499 composite?
False
Is 2897807 a prime number?
False
Is 543229 a prime number?
False
Is 2771893 prime?
True
Is 863 prime?
True
Is 42729 prime?
False
Is 6423997 prime?
True
Is 545695 a composite number?
True
Is 151205 a composite number?
True
Is 6863 a composite number?
False
Is 8499 composite?
True
Is 124427 prime?
True
Is 32629 a composite number?
True
Is 27791 composite?
False
Is 7327 a composite number?
True
Is 9566 a prime number?
False
Is 2284537 prime?
True
Is 3117 prime?
False
Is 295345 a prime number?
False
Is 11957 prime?
False
Is 4861 composite?
False
Is 50114 composite?
True
Is 69821 prime?
True
Is 1611331 a prime number?
True
Is 25257 a composite number?
True
Is 43601 a composite number?
True
Is 735719 a prime number?
True
Is 95 prime?
False
Is 29917 prime?
True
Is 477731 a composite number?
False
Is 8287 a prime number?
True
Is 11497 a prime number?
True
Is 33009 composite?
True
Is 260171 a prime number?
True
Is 9722 composite?
True
Is 403 a prime number?
False
Is 15347 a composite number?
True
Is 7867 a composite number?
False
Is 21959 a composite number?
True
Is 24631 composite?
False
Is 495749 a composite number?
False
Is 13579 composite?
True
Is 64765 prime?
False
Is 114658 composite?
True
Is 15959 a prime number?
True
Is 1414249 a prime number?
False
Is 9143 prime?
False
Is 2722 prime?
False
Is 3487 a prime number?
False
Is 135367 a prime number?
True
Is 779539 prime?
